f 23030 and 170?
10
Calculate the highest common divisor of 9492469 and 7.
7
Calculate the highest common factor of 59808 and 48.
48
What is the highest common factor of 35990 and 264910?
590
What is the highest common factor of 550 and 5786?
22
Calculate the greatest common divisor of 36384 and 516.
12
Calculate the greatest common divisor of 4100 and 325.
25
Calculate the greatest common factor of 55097 and 119.
119
Calculate the highest common factor of 182 and 22113.
91
What is the highest common divisor of 126 and 261261?
63
What is the highest common divisor of 1147148 and 148?
148
What is the greatest common factor of 213 and 689694?
213
What is the highest common divisor of 11 and 1510949?
11
What is the highest common divisor of 2781 and 4017?
309
What is the highest common factor of 441 and 1659?
21
Calculate the greatest common divisor of 10 and 5085.
5
Calculate the highest common divisor of 350 and 8708.
14
Calculate the greatest common divisor of 1722 and 428286.
246
What is the highest common factor of 1054890 and 50?
10
What is the greatest common divisor of 117 and 831844?
13
What is the highest common factor of 6120300 and 575?
575
What is the greatest common divisor of 8208 and 810768?
912
Calculate the highest common divisor of 605 and 29161.
121
Calculate the highest common divisor of 27720 and 1785.
105
Calculate the highest common factor of 2255 and 2263569.
451
What is the highest common factor of 68220 and 864?
36
Calculate the highest common divisor of 445510 and 13410.
1490
What is the highest common factor of 454280 and 410?
410
Calculate the highest common divisor of 61442 and 930.
62
Calculate the greatest common divisor of 237264 and 24.
24
What is the highest common factor of 117 and 1391?
13
What is the highest common factor of 222 and 2316?
6
What is the greatest common divisor of 48 and 165008?
16
Calculate the highest common divisor of 1928700 and 18.
18
What is the greatest common factor of 184 and 857647?
23
What is the highest common divisor of 347780 and 20?
20
Calculate the highest common factor of 143990 and 5390.
770
Calculate the highest common factor of 12760 and 174.
58
What is the greatest common divisor of 7909 and 23008?
719
What is the highest common divisor of 755314 and 14?
14
What is the greatest common divisor of 384 and 6789504?
384
What is the greatest common factor of 134357 and 565?
113
What is the highest common divisor of 325 and 248725?
25
Calculate the highest common factor of 1517995 and 1303.
1303
What is the highest common divisor of 360 and 7785?
45
Calculate the greatest common factor of 836792 and 370.
74
What is the highest common divisor of 111531 and 79947?
987
What is the greatest common factor of 987 and 278992?
329
What is the greatest common factor of 1088 and 23222?
34
What is the greatest common divisor of 7785 and 1305?
45
Calculate the highest common divisor of 5415 and 13471.
19
What is the greatest common divisor of 5 and 5501?
1
What is the highest common divisor of 74724 and 468?
156
Calculate the greatest common divisor of 36 and 4224756.
12
Calculate the highest common divisor of 5728 and 134.
2
What is the highest common factor of 15096 and 1479?
51
Calculate the greatest common factor of 159495 and 620.
155
What is the greatest common divisor of 2547 and 261?
9
What is the highest common divisor of 6636 and 420?
84
Calculate the highest common factor of 10690 and 8570.
10
What is the highest common factor of 26432 and 17024?
448
What is the highest common divisor of 19149 and 39?
39
What is the highest common divisor of 1080770 and 1016?
254
Calculate the greatest common divisor of 884 and 419744.
52
Calculate the greatest common divisor of 540 and 15150.
30
Calculate the highest common divisor of 54356 and 63500.
508
Calculate the highest common factor of 52452 and 22692.
372
What is the highest common factor of 53823 and 103452?
699
Calculate the highest common divisor of 47871 and 28959.
591
What is the greatest common factor of 473 and 7009?
43
What is the highest common divisor of 1788 and 38328?
12
Calculate the highest common factor of 156 and 35217.
39
What is the greatest common divisor of 1848 and 77088?
264
Calculate the highest common factor of 13284 and 31488.
492
Calculate the greatest common divisor of 1001509 and 19.
19
What is the greatest common factor of 429 and 7281?
3
Calculate the greatest common factor of 2962322 and 484.
242
Calculate the highest common divisor of 135964 and 266.
38
What is the highest common factor of 1837648 and 8?
8
What is the greatest common divisor of 2288 and 9892168?
1144
Calculate the greatest common factor of 1556 and 588946.
778
Calculate the greatest common divisor of 22 and 4161113.
11
What is the greatest common factor of 114 and 634562?
38
Calculate the greatest common factor of 10043 and 664.
83
Calculate the greatest common divisor of 992 and 90544.
16
Calculate the highest common divisor of 820 and 1060.
20
What is the highest common divisor of 14 and 23114?
14
What is the greatest common factor of 1425401 and 1535?
307
What is the greatest common divisor of 9447 and 6365?
67
Calculate the highest common divisor of 1206 and 2144.
134
What is the greatest common divisor of 5635 and 149845?
115
What is the highest common divisor of 147 and 618009?
21
Calculate the highest common divisor of 23 and 6575677.
23
What is the highest common factor of 24801 and 1953?
21
What is the highest common factor of 314 and 329543?
157
What is the greatest common divisor of 2247 and 51?
3
What is the greatest common divisor of 266 and 42427?
133
What is the highest common factor of 22 and 144166?
22
What is the highest common divisor of 14 and 44674?
14
Calculate the greatest common factor of 165672 and 78.
78
Calculate the highest common divisor of 4160 and 3796.
52
Calculate the greatest common factor of 12168 and 1170.
234
What is the greatest common divisor of 4090 and 10?
10
What is the highest common divisor of 68730 and 11745?
435
What is the greatest common divisor of 75 and 209175?
75
What is the highest common factor of 13 and 1463813?
13
What is the highest common divisor of 655 and 4440?
5
What is the highest common factor of 300 and 52100?
100
Calculate the greatest common divisor of 48233 and 1112.
139
What is the highest common factor of 6136 and 55640?
104
Calculate the greatest common divisor of 34839 and 41475.
1659
Calculate the highest common factor of 13024 and 122144.
352
Calculate the highest common factor of 65172 and 60.
12
What is the greatest common divisor of 30960 and 1008?
144
Calculate the highest common divisor of 250472 and 32.
8
Calculate the greatest common divisor of 942 and 83838.
942
Calculate the highest common divisor of 1072 and 96748.
268
What is the highest common factor of 1703370 and 30?
30
Calculate the highest common factor of 71002 and 5962.
542
What is the highest common divisor of 5445 and 45?
45
Calculate the highest common factor of 41 and 14043812.
41
Calculate the greatest common factor of 195 and 29679.
39
What is the greatest common divisor of 40923 and 2493?
9
What is the greatest common factor of 392 and 3752?
56
Calculate the highest common factor of 432360 and 144.
72
Calculate the greatest common divisor of 260 and 290602.
26
Calculate the greatest common divisor of 35 and 3647.
7
Calculate the greatest common divisor of 2240 and 476.
28
What is the greatest common divisor of 195246 and 198?
18
What is the greatest common divisor of 575 and 30650?
25
Calculate the greatest common divisor of 513 and 925623.
171
Calculate the highest common divisor of 23436 and 196.
28
Calculate the greatest common factor of 27 and 978777.
27
What is the greatest common factor of 6 and 2?
2
What is the greatest common factor of 30500 and 2000?
500
Calculate the greatest common divisor of 1981 and 427047.
283
What is the greatest common divisor of 14 and 34622?
14
Calculate the greatest common factor of 1703 and 11401.
13
What is the highest common factor of 664980 and 48?
12
Calculate the highest common divisor of 5742 and 363.
33
Calculate the highest common divisor of 36128 and 256.
32
What is the greatest common divisor of 2876267 and 214?
107
What is the greatest commo